{"id":87,"date":"2017-03-05T17:57:50","date_gmt":"2017-03-05T17:57:50","guid":{"rendered":"http:\/\/burgkindi.de\/?page_id=87"},"modified":"2026-01-22T09:22:41","modified_gmt":"2026-01-22T09:22:41","slug":"kontakt-kindersachenbasar","status":"publish","type":"page","link":"https:\/\/burgkindi.de\/?page_id=87","title":{"rendered":"Anmeldeformular Kindersachenbasar"},"content":{"rendered":"<form enctype=\"multipart\/form-data\" method=\"post\" id=\"psfb83\" action=\"https:\/\/burgkindi.de\/?page_id=87\" class=\"planso-form-builder\" data-id=\"83\" data-cnt=\"1\" id=\"planso_forms_83_1\" data-locale=\"de\" data-locale_long=\"de_DE\" data-datepicker=\"bootstrap-datetimepicker\" data-date_format=\"F j, Y\" data-moment_date_format=\"MMMM D, YYYY\" data-jqueryui_date_format=\"MM d, yy\" data-eternicode_date_format=\"MM d, yyyy\"><div class=\"container-fluid\"><input type=\"hidden\" name=\"psfb_pageurl\" value=\"https:\/\/burgkindi.de\/?page_id=87\"\/><input type=\"hidden\" name=\"psfb_userip\" value=\"216.73.216.14\"\/><input type=\"hidden\" name=\"psfb_useragent\" value=\"Mozilla\/5.0 AppleWebKit\/537.36 (KHTML, like Gecko; compatible; ClaudeBot\/1.0; +claudebot@anthropic.com)\"\/><input type=\"hidden\" name=\"psfb_landingpage\" value=\"http:\/\/burgkindi.de\/index.php?rest_route=%2Fwp%2Fv2%2Fpages%2F87\"\/><input type=\"hidden\" name=\"psfb_referer\" value=\"Direct\"\/><input type=\"hidden\" name=\"psfb_page_id\" value=\"87\"\/><input type=\"hidden\" name=\"psfb_form_submit\" value=\"1\"\/><input type=\"hidden\" name=\"psfb_form_id\" value=\"83\"\/><input type=\"hidden\" name=\"psfb_form_cnt\" value=\"1\"\/><div style=\"display:none\"><input type=\"text\" name=\"psfb_hon_as\"\/><\/div><div style=\"display:none\"><input type=\"text\" name=\"psfb_hon_as2\" id=\"psfb_hon_as2_83_1\" value=\"2f4119fccb1a6f3a4e2de9dfc25dabd8\"\/><\/div><div style=\"display:none\"><input type=\"text\" name=\"psfb_cnt_check\" value=\"1\"\/><\/div><div class=\"row\"><div class=\"col-md-12\"><div class=\"form-group psfb-single-container\"><label class=\"control-label\" for=\"psfield_83_1\">Was m\u00f6chten Sie uns mitteilen?<span class=\"psfb_required_mark\">*<\/span><\/label><div class=\"input-group\"><div class=\"input-group-addon\"><span class=\"fa fa-question-circle\"><\/span><\/div><select required=\"required\" data-required=\"required\" name=\"Was_m_chten_Sie_uns_mitteilen_\" class=\"form-control  \" id=\"psfield_83_1\" style=\"\"><option value=\"reservierung\" selected=\"selected\">Ich m\u00f6chte einen Tisch reservieren<\/option><option value=\"frage\">Ich habe eine Frage<\/option><option value=\"sonst\">Sonstiges<\/option><\/select><\/div><p class=\"help-block\">Bitte treffen Sie eine Auswahl<\/p><\/div><\/div><\/div><div class=\"row\"><div class=\"col-md-6\"><div class=\"form-group psfb-single-container\"><label class=\"control-label\" for=\"psfield_83_2\">Nachname<span class=\"psfb_required_mark\">*<\/span><\/label><input type=\"text\" required=\"required\" data-required=\"required\" name=\"Nachname\" class=\"form-control  \" id=\"psfield_83_2\" style=\"\"\/><\/div><\/div><div class=\"col-md-6\"><div class=\"form-group psfb-single-container\"><label class=\"control-label\" for=\"psfield_83_3\">Vorname<span class=\"psfb_required_mark\">*<\/span><\/label><input type=\"text\" required=\"required\" data-required=\"required\" name=\"Vorname\" class=\"form-control  \" id=\"psfield_83_3\" style=\"\"\/><\/div><\/div><\/div><div class=\"row\"><div class=\"col-md-12\"><div class=\"form-group psfb-single-container\"><label class=\"control-label\" for=\"psfield_83_4\">E-Mail<span class=\"psfb_required_mark\">*<\/span><\/label><div class=\"input-group\"><div class=\"input-group-addon\"><span class=\"fa fa-at\"><\/span><\/div><input type=\"email\" required=\"required\" data-required=\"required\" name=\"E_Mail\" class=\"form-control  \" id=\"psfield_83_4\" style=\"\"\/><\/div><\/div><\/div><\/div><div class=\"row\"><div class=\"col-md-12\"><div class=\"form-group psfb-single-container\"><label class=\"control-label\" for=\"psfield_83_5\">Telefon<\/label><div class=\"input-group\"><div class=\"input-group-addon\"><span class=\"fa fa-phone\"><\/span><\/div><input type=\"tel\" name=\"Telefon\" class=\"form-control  \" id=\"psfield_83_5\" style=\"\"\/><\/div><\/div><\/div><\/div><div class=\"row\"><div class=\"col-md-12\"><div class=\"form-group psfb-single-container\"><label class=\"control-label\" for=\"psfield_83_6\">Ihr Text<\/label><div class=\"input-group\"><div class=\"input-group-addon\"><span class=\"fa fa-file-text-o\"><\/span><\/div><textarea name=\"Ihr_Text\" class=\"form-control  \" id=\"psfield_83_6\" style=\"\"><\/textarea><\/div><p class=\"help-block\">Hier k\u00f6nnen Sie zus\u00e4tzliche Bemerkungen an uns senden.<\/p><\/div><\/div><\/div><div class=\"row\"><div class=\"col-md-12\"><div class=\"form-group psfb-single-container\"><p class=\"\">Wenn Sie einen Tisch reservieren m\u00f6chten, k\u00f6nnen Sie hier Ihre Pr\u00e4ferenzen angeben. Wir werden sie so weit wie m\u00f6glich ber\u00fccksichtigen.<\/p><\/div><\/div><\/div><div class=\"row\"><div class=\"col-md-6\"><div class=\"form-group psfb-single-container\"><label class=\"control-label\" for=\"psfield_83_8\">Haben Sie einen Standort-Wunsch?<\/label><div class=\"checkbox_wrapper\"><div class=\"checkbox\"><label class=\"checkbox_wrapper\" style=\"\"><input checked=\"checked\" type=\"checkbox\" value=\"egal\" name=\"Haben_Sie_einen_Standort_Wunsch_[]\" id=\"psfield_83_8_1\">Egal<\/label><\/div><div class=\"checkbox\"><label class=\"checkbox_wrapper\" style=\"\"><input type=\"checkbox\" value=\"gross\" name=\"Haben_Sie_einen_Standort_Wunsch_[]\" id=\"psfield_83_8_2\">Gro\u00dfer Saal<\/label><\/div><div class=\"checkbox\"><label class=\"checkbox_wrapper\" style=\"\"><input type=\"checkbox\" value=\"klein\" name=\"Haben_Sie_einen_Standort_Wunsch_[]\" id=\"psfield_83_8_3\">Kleiner Saal<\/label><\/div><div class=\"checkbox\"><label class=\"checkbox_wrapper\" style=\"\"><input type=\"checkbox\" value=\"flur\" name=\"Haben_Sie_einen_Standort_Wunsch_[]\" id=\"psfield_83_8_4\">Treppenhaus\/Flur<\/label><\/div><\/div><\/div><\/div><div class=\"col-md-6\"><div class=\"form-group psfb-single-container\"><label class=\"control-label\" for=\"psfield_83_9\">M\u00f6chten Sie einen Kleiderst\u00e4nder aufstellen?<\/label><div class=\"radio_wrapper\"><div class=\"radio\"><label class=\"radio_wrapper\" style=\"\"><input type=\"radio\" value=\"ja\" name=\"M_chten_Sie_einen_Kleiderst_nder_aufstellen_\" id=\"psfield_83_9_1\">Ja, unbedingt<\/label><\/div><div class=\"radio\"><label class=\"radio_wrapper\" style=\"\"><input checked=\"checked\" type=\"radio\" value=\"nein\" name=\"M_chten_Sie_einen_Kleiderst_nder_aufstellen_\" id=\"psfield_83_9_2\">Nein<\/label><\/div><div class=\"radio\"><label class=\"radio_wrapper\" style=\"\"><input type=\"radio\" value=\"vielleicht\" name=\"M_chten_Sie_einen_Kleiderst_nder_aufstellen_\" id=\"psfield_83_9_3\">Ich wei\u00df noch nicht<\/label><\/div><\/div><p class=\"help-block\">Bitte beachten Sie, dass das Aufstellen aus Platzgr\u00fcnden nicht an allen Tischen m\u00f6glich ist!<\/p><\/div><\/div><\/div><div class=\"row\"><div class=\"col-md-12\"><div class=\"form-group psfb-single-container\"><div style=\"position:relative;z-index:1;\"><button type=\"submit\" class=\"btn btn-primary            \" id=\"psfield_83_10\" style=\"\">Senden<\/button><\/div><\/div><\/div><\/div><\/div><\/form><p style=\"text-align:right;\"><small>powered by <a href=\"http:\/\/forms.planso.de\/\">PlanSo Formulare<\/a><\/small><\/p>\n","protected":false},"excerpt":{"rendered":"","protected":false},"author":1,"featured_media":0,"parent":40,"menu_order":5,"comment_status":"closed","ping_status":"closed","template":"","meta":{"footnotes":""},"_links":{"self":[{"href":"https:\/\/burgkindi.de\/index.php?rest_route=\/wp\/v2\/pages\/87"}],"collection":[{"href":"https:\/\/burgkindi.de\/index.php?rest_route=\/wp\/v2\/pages"}],"about":[{"href":"https:\/\/burgkindi.de\/index.php?rest_route=\/wp\/v2\/types\/page"}],"author":[{"embeddable":true,"href":"https:\/\/burgkindi.de\/index.php?rest_route=\/wp\/v2\/users\/1"}],"replies":[{"embeddable":true,"href":"https:\/\/burgkindi.de\/index.php?rest_route=%2Fwp%2Fv2%2Fcomments&post=87"}],"version-history":[{"count":5,"href":"https:\/\/burgkindi.de\/index.php?rest_route=\/wp\/v2\/pages\/87\/revisions"}],"predecessor-version":[{"id":385,"href":"https:\/\/burgkindi.de\/index.php?rest_route=\/wp\/v2\/pages\/87\/revisions\/385"}],"up":[{"embeddable":true,"href":"https:\/\/burgkindi.de\/index.php?rest_route=\/wp\/v2\/pages\/40"}],"wp:attachment":[{"href":"https:\/\/burgkindi.de\/index.php?rest_route=%2Fwp%2Fv2%2Fmedia&parent=87"}],"curies":[{"name":"wp","href":"https:\/\/api.w.org\/{rel}","templated":true}]}}